{"id":299,"date":"2023-08-14T01:40:38","date_gmt":"2023-08-13T18:40:38","guid":{"rendered":"http:\/\/ductinstore.vn\/?post_type=product&#038;p=299"},"modified":"2026-01-09T20:15:20","modified_gmt":"2026-01-09T13:15:20","slug":"vga-gigabyte-gtx1650-d6-windforce-oc-4gb-2-fan","status":"publish","type":"product","link":"https:\/\/ductinstore.com\/?product=vga-gigabyte-gtx1650-d6-windforce-oc-4gb-2-fan","title":{"rendered":"VGA Gigabyte GTX1650 D6 Windforce OC 4GB 2 Fan"},"content":{"rendered":"<table width=\"1440\">\n<tbody>\n<tr>\n<td width=\"156\">Sa\u0309n ph\u00e2\u0309m<\/td>\n<td width=\"1284\">VGA &#8211; Card m\u00e0n h\u00ecnh<\/td>\n<\/tr>\n<tr>\n<td width=\"156\">T\u00ean Ha\u0303ng<\/td>\n<td width=\"1284\">GIGABYTE<\/td>\n<\/tr>\n<tr>\n<td width=\"156\">Model<\/td>\n<td width=\"1284\">GTX 1650 4GB DDR6<\/td>\n<\/tr>\n<tr>\n<td width=\"156\">Engine \u0111\u1ed3 h\u1ecda<\/td>\n<td width=\"1284\">NVIDIA\u00ae\u00a0GeForce GTX 1650\u2122<\/td>\n<\/tr>\n<tr>\n<td width=\"156\">Chu\u1ea9n Bus<\/td>\n<td width=\"1284\">PCI Express 3.0 x 16<\/td>\n<\/tr>\n<\/tbody>\n<\/table>\n","protected":false},"excerpt":{"rendered":"<p>Sa\u0309n ph\u00e2\u0309m VGA &#8211; Card m\u00e0n h\u00ecnh T\u00ean Ha\u0303ng GIGABYTE Model GTX 1650 4GB DDR6 Engine \u0111\u1ed3 h\u1ecda NVIDIA\u00ae\u00a0GeForce GTX 1650\u2122 Chu\u1ea9n Bus PCI Express 3.0 x 16<\/p>\n","protected":false},"featured_media":300,"comment_status":"open","ping_status":"closed","template":"","meta":[],"product_brand":[],"product_cat":[34],"product_tag":[],"class_list":{"0":"post-299","1":"product","2":"type-product","3":"status-publish","4":"has-post-thumbnail","6":"product_cat-vga-card-man-hinh","8":"first","9":"instock","10":"shipping-taxable","11":"product-type-simple"},"_links":{"self":[{"href":"https:\/\/ductinstore.com\/index.php?rest_route=\/wp\/v2\/product\/299","targetHints":{"allow":["GET"]}}],"collection":[{"href":"https:\/\/ductinstore.com\/index.php?rest_route=\/wp\/v2\/product"}],"about":[{"href":"https:\/\/ductinstore.com\/index.php?rest_route=\/wp\/v2\/types\/product"}],"replies":[{"embeddable":true,"href":"https:\/\/ductinstore.com\/index.php?rest_route=%2Fwp%2Fv2%2Fcomments&post=299"}],"wp:featuredmedia":[{"embeddable":true,"href":"https:\/\/ductinstore.com\/index.php?rest_route=\/wp\/v2\/media\/300"}],"wp:attachment":[{"href":"https:\/\/ductinstore.com\/index.php?rest_route=%2Fwp%2Fv2%2Fmedia&parent=299"}],"wp:term":[{"taxonomy":"product_brand","embeddable":true,"href":"https:\/\/ductinstore.com\/index.php?rest_route=%2Fwp%2Fv2%2Fproduct_brand&post=299"},{"taxonomy":"product_cat","embeddable":true,"href":"https:\/\/ductinstore.com\/index.php?rest_route=%2Fwp%2Fv2%2Fproduct_cat&post=299"},{"taxonomy":"product_tag","embeddable":true,"href":"https:\/\/ductinstore.com\/index.php?rest_route=%2Fwp%2Fv2%2Fproduct_tag&post=299"}],"curies":[{"name":"wp","href":"https:\/\/api.w.org\/{rel}","templated":true}]}}