{"id":112,"date":"2023-08-07T00:18:46","date_gmt":"2023-08-06T17:18:46","guid":{"rendered":"http:\/\/ductinstore.vn\/?post_type=product&#038;p=112"},"modified":"2023-08-07T00:26:47","modified_gmt":"2023-08-06T17:26:47","slug":"auto-draft","status":"publish","type":"product","link":"https:\/\/ductinstore.com\/?product=auto-draft","title":{"rendered":"iPhone 14 Pro Max"},"content":{"rendered":"<h2><strong>B\u1ea3ng th\u00f4ng s\u1ed1 chi ti\u1ebft v\u1ec1 iPhone 14 Pro Max phi\u00ean b\u1ea3n 1TB<\/strong><\/h2>\n<table class=\"table table-bordered\">\n<tbody>\n<tr>\n<td width=\"20%\">&nbsp;<\/td>\n<td width=\"20%\">&nbsp;<\/td>\n<td width=\"60%\"><strong>iPhone 14 Pro Max 1TB<\/strong><\/td>\n<\/tr>\n<tr>\n<td><strong>K\u1ebft n\u1ed1i<\/strong><\/td>\n<td>C\u00f4ng ngh\u1ec7<\/td>\n<td>GSM \/ CDMA \/ HSPA \/ EVDO \/ LTE \/ 5G<\/td>\n<\/tr>\n<tr>\n<td><strong>Ng\u00e0y ra m\u1eaft<\/strong><\/td>\n<td>Ng\u00e0y th\u00f4ng b\u00e1o<\/td>\n<td>08\/09\/2022<\/td>\n<\/tr>\n<tr>\n<td>&nbsp;<\/td>\n<td>Hi\u1ec7n tr\u1ea1ng<\/td>\n<td>S\u1eafp ra m\u1eaft, d\u1ef1 ki\u1ebfn tr\u1ea3 h\u00e0ng 16\/09\/2022<\/td>\n<\/tr>\n<tr>\n<td><strong>Th\u00e2n m\u00e1y<\/strong><\/td>\n<td>K\u00edch th\u01b0\u1edbc<\/td>\n<td>160.7 x 77.6 x 7.9 mm (6.33 x 3.06 x 0.31 in)<\/td>\n<\/tr>\n<tr>\n<td>&nbsp;<\/td>\n<td>C\u00e2n n\u1eb7ng<\/td>\n<td>240 g (8.47 oz)<\/td>\n<\/tr>\n<tr>\n<td>&nbsp;<\/td>\n<td>M\u1eb7t k\u00ednh<\/td>\n<td>K\u00ednh tr\u01b0\u1edbc (Gorilla Glass), K\u00ednh sau (Gorilla Glass), khung nh\u00f4m<\/td>\n<\/tr>\n<tr>\n<td>&nbsp;<\/td>\n<td>SIM<\/td>\n<td>Nano-SIM v\u00e0 \/ ho\u1eb7c nhi\u1ec1u eSIM ho\u1eb7c SIM k\u00e9p (Nano-SIM, ch\u1ebf \u0111\u1ed9 ch\u1edd k\u00e9p)<\/td>\n<\/tr>\n<tr>\n<td>&nbsp;<\/td>\n<td>&nbsp;<\/td>\n<td>eSIM ch\u1ec9 d\u00e0nh cho Hoa K\u1ef3<\/td>\n<\/tr>\n<tr>\n<td>&nbsp;<\/td>\n<td>Kh\u1ea3 n\u0103ng ch\u1ed1ng b\u1ee5i kh\u00e1ng n\u01b0\u1edbc<\/td>\n<td>Ch\u1ed1ng b\u1ee5i \/ n\u01b0\u1edbc IP68 (l\u00ean \u0111\u1ebfn 6m trong 30 ph\u00fat)<\/td>\n<\/tr>\n<tr>\n<td><strong>M\u00e0n h\u00ecnh<\/strong><\/td>\n<td>Lo\u1ea1i<\/td>\n<td>LTPO Super Retina XDR OLED, 120Hz, HDR10, Dolby Vision, 1000 nits (typ), 2000 nits (HBM)<\/td>\n<\/tr>\n<tr>\n<td>&nbsp;<\/td>\n<td>K\u00edch th\u01b0\u1edbc<\/td>\n<td>6.7 inches, 110.2 cm2 (~88.3% screen-to-body ratio)<\/td>\n<\/tr>\n<tr>\n<td>&nbsp;<\/td>\n<td>\u0110\u1ed9 ph\u00e2n gi\u1ea3i<\/td>\n<td>1290 x 2796 pixels, 19.5:9 ratio (~460 ppi density)<\/td>\n<\/tr>\n<tr>\n<td>&nbsp;<\/td>\n<td>B\u1ea3o v\u1ec7<\/td>\n<td>Th\u1ee7y tinh g\u1ed1m ch\u1ed1ng x\u01b0\u1edbc, l\u1edbp ph\u1ee7 oleophobic<\/td>\n<\/tr>\n<tr>\n<td>&nbsp;<\/td>\n<td>T\u00ednh n\u0103ng m\u1edbi<\/td>\n<td>Always-On display<\/td>\n<\/tr>\n<tr>\n<td><strong>C\u1ea5u h\u00ecnh<\/strong><\/td>\n<td>OS<\/td>\n<td>iOS 16<\/td>\n<\/tr>\n<tr>\n<td>&nbsp;<\/td>\n<td>Chipset<\/td>\n<td>Apple A16 Bionic (4 nm)<\/td>\n<\/tr>\n<tr>\n<td>&nbsp;<\/td>\n<td>CPU<\/td>\n<td>Hexa-core (2&#215;3.46 GHz Avalanche + 4x Blizzard)<\/td>\n<\/tr>\n<tr>\n<td>&nbsp;<\/td>\n<td>GPU<\/td>\n<td>Apple GPU (5-core graphics)<\/td>\n<\/tr>\n<tr>\n<td><strong>B\u1ed9 nh\u1edb<\/strong><\/td>\n<td>Th\u1ebb nh\u1edb ngo\u00e0i<\/td>\n<td>Kh\u00f4ng<\/td>\n<\/tr>\n<tr>\n<td>&nbsp;<\/td>\n<td>B\u1ed9 nh\u1edb trong<\/td>\n<td>1TB 6GB RAM<\/td>\n<\/tr>\n<tr>\n<td>&nbsp;<\/td>\n<td>&nbsp;<\/td>\n<td>NVMe<\/td>\n<\/tr>\n<tr>\n<td><strong>Camera ch\u00ednh<\/strong><\/td>\n<td>Camera 4 \u1ed1ng k\u00ednh<\/td>\n<td>48 MP, f\/1.8, 24mm (wide), 1.22\u00b5m, dual pixel PDAF, sensor-shift OIS<\/td>\n<\/tr>\n<tr>\n<td>&nbsp;<\/td>\n<td>&nbsp;<\/td>\n<td>12 MP, f\/2.8, 77mm (telephoto), PDAF, OIS, 3x optical zoom<\/td>\n<\/tr>\n<tr>\n<td>&nbsp;<\/td>\n<td>&nbsp;<\/td>\n<td>12 MP, f\/2.2, 13mm, 120\u02da (ultrawide), 1.4\u00b5m, dual pixel PDAF<\/td>\n<\/tr>\n<tr>\n<td>&nbsp;<\/td>\n<td>&nbsp;<\/td>\n<td>TOF 3D LiDAR scanner (depth)<\/td>\n<\/tr>\n<tr>\n<td>&nbsp;<\/td>\n<td>T\u00ednh n\u0103ng<\/td>\n<td>Dual-LED dual-tone flash, HDR (photo\/panorama)<\/td>\n<\/tr>\n<tr>\n<td>&nbsp;<\/td>\n<td>Video<\/td>\n<td>4K@24\/25\/30\/60fps, 1080p@25\/30\/60\/120\/240fps, 10-bit HDR, Dolby Vision HDR (up to 60fps), Pro MaxRes, Cinematic mode (4K@30fps), stereo sound rec.<\/td>\n<\/tr>\n<tr>\n<td><strong>Camera ph\u1ee5<\/strong><\/td>\n<td>Camera k\u00e9p<\/td>\n<td>12 MP, f\/1.9, 23mm (wide), 1\/3.6&#8243;, PDAF<\/td>\n<\/tr>\n<tr>\n<td>&nbsp;<\/td>\n<td>&nbsp;<\/td>\n<td>SL 3D, (depth\/biometrics sensor)<\/td>\n<\/tr>\n<tr>\n<td>&nbsp;<\/td>\n<td>T\u00ednh n\u0103ng<\/td>\n<td>HDR, Cinematic mode (4K@30fps)<\/td>\n<\/tr>\n<tr>\n<td>&nbsp;<\/td>\n<td>Video<\/td>\n<td>4K@24\/25\/30\/60fps, 1080p@25\/30\/60\/120fps, gyro-EIS<\/td>\n<\/tr>\n<tr>\n<td><strong>\u00c2m thanh<\/strong><\/td>\n<td>Loudspeaker<\/td>\n<td>C\u00f3, v\u1edbi loa \u00e2m thanh n\u1ed5i<\/td>\n<\/tr>\n<tr>\n<td>&nbsp;<\/td>\n<td>3.5mm jack<\/td>\n<td>Kh\u00f4ng c\u00f3<\/td>\n<\/tr>\n<tr>\n<td><strong>C\u00e1c k\u1ebft n\u1ed1i kh\u00e1c<\/strong><\/td>\n<td>WLAN<\/td>\n<td>Wi-Fi 802.11 a\/b\/g\/n\/ac\/6, dual-band, hotspot<\/td>\n<\/tr>\n<tr>\n<td>&nbsp;<\/td>\n<td>Bluetooth<\/td>\n<td>5.3, A2DP, LE<\/td>\n<\/tr>\n<tr>\n<td>&nbsp;<\/td>\n<td>GPS<\/td>\n<td>C\u00f3, with A-GPS, GLONASS, GALILEO, BDS, QZSS<\/td>\n<\/tr>\n<tr>\n<td>&nbsp;<\/td>\n<td>NFC<\/td>\n<td>C\u00f3<\/td>\n<\/tr>\n<tr>\n<td>&nbsp;<\/td>\n<td>Radio<\/td>\n<td>Kh\u00f4ng<\/td>\n<\/tr>\n<tr>\n<td>&nbsp;<\/td>\n<td>USB<\/td>\n<td>Lightning, USB 2.0<\/td>\n<\/tr>\n<tr>\n<td><strong>T\u00ednh n\u0103ng kh\u00e1c<\/strong><\/td>\n<td>C\u1ea3m bi\u1ebfn<\/td>\n<td>Face ID, gia t\u1ed1c k\u1ebf, con quay h\u1ed3i chuy\u1ec3n, c\u1ea3m bi\u1ebfn ti\u1ec7m c\u1eadn, la b\u00e0n, \u00e1p k\u1ebf<\/td>\n<\/tr>\n<tr>\n<td>&nbsp;<\/td>\n<td>&nbsp;<\/td>\n<td>H\u1ed7 tr\u1ee3 b\u0103ng th\u00f4ng si\u00eau r\u1ed9ng (UWB)<\/td>\n<\/tr>\n<tr>\n<td>&nbsp;<\/td>\n<td>&nbsp;<\/td>\n<td>SOS kh\u1ea9n c\u1ea5p qua v\u1ec7 tinh (g\u1eedi \/ nh\u1eadn SMS) &#8211; Ch\u1ec9 c\u00f3 t\u1ea1i Canada v\u00e0 M\u1ef9<\/td>\n<\/tr>\n<tr>\n<td><strong>Pin<\/strong><\/td>\n<td>Lo\u1ea1i<\/td>\n<td>Li-Ion, kh\u00f4ng th\u1ec3 th\u00e1o r\u1eddi<\/td>\n<\/tr>\n<tr>\n<td>&nbsp;<\/td>\n<td>S\u1ea1c<\/td>\n<td>S\u1ea1c nhanh, 50% trong 30 ph\u00fat (\u0111\u01b0\u1ee3c qu\u1ea3ng c\u00e1o)<\/td>\n<\/tr>\n<tr>\n<td>&nbsp;<\/td>\n<td>&nbsp;<\/td>\n<td>USB Power Delivery 2.0<\/td>\n<\/tr>\n<tr>\n<td>&nbsp;<\/td>\n<td>&nbsp;<\/td>\n<td>S\u1ea1c kh\u00f4ng d\u00e2y MagSafe 15W<\/td>\n<\/tr>\n<tr>\n<td>&nbsp;<\/td>\n<td>&nbsp;<\/td>\n<td>S\u1ea1c nhanh kh\u00f4ng d\u00e2y Qi t\u1eeb t\u00ednh 7,5W<\/td>\n<\/tr>\n<tr>\n<td><strong>Ph\u00e2n lo\u1ea1i<\/strong><\/td>\n<td>M\u00e0u s\u1eafc<\/td>\n<td>Space Black, Silver, Gold, Deep Purple<\/td>\n<\/tr>\n<\/tbody>\n<\/table>\n<div class=\"woocommerce columns-4 \"><div class=\"products row row-small large-columns-4 medium-columns-3 small-columns-2\">\n<div class=\"product-small col has-hover product type-product post-313 status-publish first instock product_cat-may-tinh-bo has-post-thumbnail shipping-taxable purchasable product-type-simple\">\n\t<div class=\"col-inner\">\n\t\n<div class=\"badge-container absolute left top z-1\">\n\n<\/div>\n\t<div class=\"product-small box \">\n\t\t<div class=\"box-image\">\n\t\t\t<div class=\"image-fade_in_back\">\n\t\t\t\t<a href=\"https:\/\/ductinstore.com\/?product=may-bo-van-phong-vp02\">\n\t\t\t\t\t<img loading=\"lazy\" decoding=\"async\" width=\"300\" height=\"300\" src=\"https:\/\/ductinstore.com\/wp-content\/uploads\/2023\/08\/318173011_450874510544057_7364012320867939607_n-e1691952966598-300x300.jpeg\" class=\"attachment-woocommerce_thumbnail size-woocommerce_thumbnail\" alt=\"M\u00e1y B\u1ed9 V\u0103n Ph\u00f2ng VP02\" srcset=\"https:\/\/ductinstore.com\/wp-content\/uploads\/2023\/08\/318173011_450874510544057_7364012320867939607_n-e1691952966598-300x300.jpeg 300w, https:\/\/ductinstore.com\/wp-content\/uploads\/2023\/08\/318173011_450874510544057_7364012320867939607_n-e1691952966598-150x150.jpeg 150w, https:\/\/ductinstore.com\/wp-content\/uploads\/2023\/08\/318173011_450874510544057_7364012320867939607_n-e1691952966598-100x100.jpeg 100w\" sizes=\"auto, (max-width: 300px) 100vw, 300px\" \/>\t\t\t\t<\/a>\n\t\t\t<\/div>\n\t\t\t<div class=\"image-tools is-small top right show-on-hover\">\n\t\t\t\t\t\t\t<\/div>\n\t\t\t<div class=\"image-tools is-small hide-for-small bottom left show-on-hover\">\n\t\t\t\t\t\t\t<\/div>\n\t\t\t<div class=\"image-tools grid-tools text-center hide-for-small bottom hover-slide-in show-on-hover\">\n\t\t\t\t<a href=\"#quick-view\" class=\"quick-view\" role=\"button\" data-prod=\"313\" aria-haspopup=\"dialog\" aria-expanded=\"false\" data-flatsome-role-button>Xem nhanh<\/a>\t\t\t<\/div>\n\t\t\t\t\t<\/div>\n\n\t\t<div class=\"box-text box-text-products\">\n\t\t\t<div class=\"title-wrapper\">\t\t<p class=\"category uppercase is-smaller no-text-overflow product-cat op-8\">\n\t\t\tM\u00c1Y T\u00cdNH B\u1ed8\t\t<\/p>\n\t<p class=\"name product-title woocommerce-loop-product__title\"><a href=\"https:\/\/ductinstore.com\/?product=may-bo-van-phong-vp02\" class=\"woocommerce-LoopProduct-link woocommerce-loop-product__link\">M\u00e1y B\u1ed9 V\u0103n Ph\u00f2ng VP02<\/a><\/p><\/div><div class=\"price-wrapper\">\n\t<span class=\"price\"><span class=\"woocommerce-Price-amount amount\"><bdi>5,950,000.00<span class=\"woocommerce-Price-currencySymbol\">&#8363;<\/span><\/bdi><\/span><\/span>\n<\/div>\t\t<\/div>\n\t<\/div>\n\t\t<\/div>\n<\/div><div class=\"product-small col has-hover product type-product post-311 status-publish instock product_cat-may-tinh-bo has-post-thumbnail shipping-taxable purchasable product-type-simple\">\n\t<div class=\"col-inner\">\n\t\n<div class=\"badge-container absolute left top z-1\">\n\n<\/div>\n\t<div class=\"product-small box \">\n\t\t<div class=\"box-image\">\n\t\t\t<div class=\"image-fade_in_back\">\n\t\t\t\t<a href=\"https:\/\/ductinstore.com\/?product=may-bo-van-phong-vp01\">\n\t\t\t\t\t<img loading=\"lazy\" decoding=\"async\" width=\"300\" height=\"300\" src=\"https:\/\/ductinstore.com\/wp-content\/uploads\/2023\/08\/318187296_450873250544183_7056098613733354272_n-e1691952986673-300x300.jpeg\" class=\"attachment-woocommerce_thumbnail size-woocommerce_thumbnail\" alt=\"M\u00e1y B\u1ed9 V\u0103n Ph\u00f2ng VP01\" srcset=\"https:\/\/ductinstore.com\/wp-content\/uploads\/2023\/08\/318187296_450873250544183_7056098613733354272_n-e1691952986673-300x300.jpeg 300w, https:\/\/ductinstore.com\/wp-content\/uploads\/2023\/08\/318187296_450873250544183_7056098613733354272_n-e1691952986673-150x150.jpeg 150w, https:\/\/ductinstore.com\/wp-content\/uploads\/2023\/08\/318187296_450873250544183_7056098613733354272_n-e1691952986673-100x100.jpeg 100w\" sizes=\"auto, (max-width: 300px) 100vw, 300px\" \/>\t\t\t\t<\/a>\n\t\t\t<\/div>\n\t\t\t<div class=\"image-tools is-small top right show-on-hover\">\n\t\t\t\t\t\t\t<\/div>\n\t\t\t<div class=\"image-tools is-small hide-for-small bottom left show-on-hover\">\n\t\t\t\t\t\t\t<\/div>\n\t\t\t<div class=\"image-tools grid-tools text-center hide-for-small bottom hover-slide-in show-on-hover\">\n\t\t\t\t<a href=\"#quick-view\" class=\"quick-view\" role=\"button\" data-prod=\"311\" aria-haspopup=\"dialog\" aria-expanded=\"false\" data-flatsome-role-button>Xem nhanh<\/a>\t\t\t<\/div>\n\t\t\t\t\t<\/div>\n\n\t\t<div class=\"box-text box-text-products\">\n\t\t\t<div class=\"title-wrapper\">\t\t<p class=\"category uppercase is-smaller no-text-overflow product-cat op-8\">\n\t\t\tM\u00c1Y T\u00cdNH B\u1ed8\t\t<\/p>\n\t<p class=\"name product-title woocommerce-loop-product__title\"><a href=\"https:\/\/ductinstore.com\/?product=may-bo-van-phong-vp01\" class=\"woocommerce-LoopProduct-link woocommerce-loop-product__link\">M\u00e1y B\u1ed9 V\u0103n Ph\u00f2ng VP01<\/a><\/p><\/div><div class=\"price-wrapper\">\n\t<span class=\"price\"><span class=\"woocommerce-Price-amount amount\"><bdi>3,500,000.00<span class=\"woocommerce-Price-currencySymbol\">&#8363;<\/span><\/bdi><\/span><\/span>\n<\/div>\t\t<\/div>\n\t<\/div>\n\t\t<\/div>\n<\/div><div class=\"product-small col has-hover product type-product post-308 status-publish instock product_cat-vga-card-man-hinh has-post-thumbnail shipping-taxable product-type-simple\">\n\t<div class=\"col-inner\">\n\t\n<div class=\"badge-container absolute left top z-1\">\n\n<\/div>\n\t<div class=\"product-small box \">\n\t\t<div class=\"box-image\">\n\t\t\t<div class=\"image-fade_in_back\">\n\t\t\t\t<a href=\"https:\/\/ductinstore.com\/?product=vga-msi-geforce-rtx-3060-ti-ventus-3x-oc-lhr-8gb\">\n\t\t\t\t\t<img loading=\"lazy\" decoding=\"async\" width=\"300\" height=\"300\" src=\"https:\/\/ductinstore.com\/wp-content\/uploads\/2023\/08\/Screen-Shot-2023-08-14-at-1.48.54-AM-300x300.png\" class=\"attachment-woocommerce_thumbnail size-woocommerce_thumbnail\" alt=\"VGA MSI GeForce RTX 3060 Ti VENTUS 3X OC LHR 8GB\" srcset=\"https:\/\/ductinstore.com\/wp-content\/uploads\/2023\/08\/Screen-Shot-2023-08-14-at-1.48.54-AM-300x300.png 300w, https:\/\/ductinstore.com\/wp-content\/uploads\/2023\/08\/Screen-Shot-2023-08-14-at-1.48.54-AM-150x150.png 150w, https:\/\/ductinstore.com\/wp-content\/uploads\/2023\/08\/Screen-Shot-2023-08-14-at-1.48.54-AM-100x100.png 100w\" sizes=\"auto, (max-width: 300px) 100vw, 300px\" \/>\t\t\t\t<\/a>\n\t\t\t<\/div>\n\t\t\t<div class=\"image-tools is-small top right show-on-hover\">\n\t\t\t\t\t\t\t<\/div>\n\t\t\t<div class=\"image-tools is-small hide-for-small bottom left show-on-hover\">\n\t\t\t\t\t\t\t<\/div>\n\t\t\t<div class=\"image-tools grid-tools text-center hide-for-small bottom hover-slide-in show-on-hover\">\n\t\t\t\t<a href=\"#quick-view\" class=\"quick-view\" role=\"button\" data-prod=\"308\" aria-haspopup=\"dialog\" aria-expanded=\"false\" data-flatsome-role-button>Xem nhanh<\/a>\t\t\t<\/div>\n\t\t\t\t\t<\/div>\n\n\t\t<div class=\"box-text box-text-products\">\n\t\t\t<div class=\"title-wrapper\">\t\t<p class=\"category uppercase is-smaller no-text-overflow product-cat op-8\">\n\t\t\tVGA - Card m\u00e0n h\u00ecnh\t\t<\/p>\n\t<p class=\"name product-title woocommerce-loop-product__title\"><a href=\"https:\/\/ductinstore.com\/?product=vga-msi-geforce-rtx-3060-ti-ventus-3x-oc-lhr-8gb\" class=\"woocommerce-LoopProduct-link woocommerce-loop-product__link\">VGA MSI GeForce RTX 3060 Ti VENTUS 3X OC LHR 8GB<\/a><\/p><\/div><div class=\"price-wrapper\">\n<\/div>\t\t<\/div>\n\t<\/div>\n\t\t<\/div>\n<\/div><div class=\"product-small col has-hover product type-product post-306 status-publish last instock product_cat-vga-card-man-hinh has-post-thumbnail shipping-taxable product-type-simple\">\n\t<div class=\"col-inner\">\n\t\n<div class=\"badge-container absolute left top z-1\">\n\n<\/div>\n\t<div class=\"product-small box \">\n\t\t<div class=\"box-image\">\n\t\t\t<div class=\"image-fade_in_back\">\n\t\t\t\t<a href=\"https:\/\/ductinstore.com\/?product=vga-msi-geforce-rtx-3060-ventus-2x-8gb-oc\">\n\t\t\t\t\t<img loading=\"lazy\" decoding=\"async\" width=\"300\" height=\"300\" src=\"https:\/\/ductinstore.com\/wp-content\/uploads\/2023\/08\/Screen-Shot-2023-08-14-at-1.47.12-AM-300x300.png\" class=\"attachment-woocommerce_thumbnail size-woocommerce_thumbnail\" alt=\"VGA MSI GeForce RTX 3060 VENTUS 2X 8GB OC\" srcset=\"https:\/\/ductinstore.com\/wp-content\/uploads\/2023\/08\/Screen-Shot-2023-08-14-at-1.47.12-AM-300x300.png 300w, https:\/\/ductinstore.com\/wp-content\/uploads\/2023\/08\/Screen-Shot-2023-08-14-at-1.47.12-AM-150x150.png 150w, https:\/\/ductinstore.com\/wp-content\/uploads\/2023\/08\/Screen-Shot-2023-08-14-at-1.47.12-AM-100x100.png 100w\" sizes=\"auto, (max-width: 300px) 100vw, 300px\" \/>\t\t\t\t<\/a>\n\t\t\t<\/div>\n\t\t\t<div class=\"image-tools is-small top right show-on-hover\">\n\t\t\t\t\t\t\t<\/div>\n\t\t\t<div class=\"image-tools is-small hide-for-small bottom left show-on-hover\">\n\t\t\t\t\t\t\t<\/div>\n\t\t\t<div class=\"image-tools grid-tools text-center hide-for-small bottom hover-slide-in show-on-hover\">\n\t\t\t\t<a href=\"#quick-view\" class=\"quick-view\" role=\"button\" data-prod=\"306\" aria-haspopup=\"dialog\" aria-expanded=\"false\" data-flatsome-role-button>Xem nhanh<\/a>\t\t\t<\/div>\n\t\t\t\t\t<\/div>\n\n\t\t<div class=\"box-text box-text-products\">\n\t\t\t<div class=\"title-wrapper\">\t\t<p class=\"category uppercase is-smaller no-text-overflow product-cat op-8\">\n\t\t\tVGA - Card m\u00e0n h\u00ecnh\t\t<\/p>\n\t<p class=\"name product-title woocommerce-loop-product__title\"><a href=\"https:\/\/ductinstore.com\/?product=vga-msi-geforce-rtx-3060-ventus-2x-8gb-oc\" class=\"woocommerce-LoopProduct-link woocommerce-loop-product__link\">VGA MSI GeForce RTX 3060 VENTUS 2X 8GB OC<\/a><\/p><\/div><div class=\"price-wrapper\">\n<\/div>\t\t<\/div>\n\t<\/div>\n\t\t<\/div>\n<\/div><div class=\"product-small col has-hover product type-product post-304 status-publish first instock product_cat-vga-card-man-hinh has-post-thumbnail shipping-taxable product-type-simple\">\n\t<div class=\"col-inner\">\n\t\n<div class=\"badge-container absolute left top z-1\">\n\n<\/div>\n\t<div class=\"product-small box \">\n\t\t<div class=\"box-image\">\n\t\t\t<div class=\"image-fade_in_back\">\n\t\t\t\t<a href=\"https:\/\/ductinstore.com\/?product=card-man-hinh-vga-galax-geforce-rtx-3050-8gb-1-click-oc-feature\">\n\t\t\t\t\t<img loading=\"lazy\" decoding=\"async\" width=\"300\" height=\"300\" src=\"https:\/\/ductinstore.com\/wp-content\/uploads\/2023\/08\/Screen-Shot-2023-08-14-at-1.45.40-AM-300x300.png\" class=\"attachment-woocommerce_thumbnail size-woocommerce_thumbnail\" alt=\"Card m\u00e0n h\u00ecnh VGA GALAX GeForce RTX 3050 8GB (1-Click OC Feature)\" srcset=\"https:\/\/ductinstore.com\/wp-content\/uploads\/2023\/08\/Screen-Shot-2023-08-14-at-1.45.40-AM-300x300.png 300w, https:\/\/ductinstore.com\/wp-content\/uploads\/2023\/08\/Screen-Shot-2023-08-14-at-1.45.40-AM-150x150.png 150w, https:\/\/ductinstore.com\/wp-content\/uploads\/2023\/08\/Screen-Shot-2023-08-14-at-1.45.40-AM-100x100.png 100w\" sizes=\"auto, (max-width: 300px) 100vw, 300px\" \/>\t\t\t\t<\/a>\n\t\t\t<\/div>\n\t\t\t<div class=\"image-tools is-small top right show-on-hover\">\n\t\t\t\t\t\t\t<\/div>\n\t\t\t<div class=\"image-tools is-small hide-for-small bottom left show-on-hover\">\n\t\t\t\t\t\t\t<\/div>\n\t\t\t<div class=\"image-tools grid-tools text-center hide-for-small bottom hover-slide-in show-on-hover\">\n\t\t\t\t<a href=\"#quick-view\" class=\"quick-view\" role=\"button\" data-prod=\"304\" aria-haspopup=\"dialog\" aria-expanded=\"false\" data-flatsome-role-button>Xem nhanh<\/a>\t\t\t<\/div>\n\t\t\t\t\t<\/div>\n\n\t\t<div class=\"box-text box-text-products\">\n\t\t\t<div class=\"title-wrapper\">\t\t<p class=\"category uppercase is-smaller no-text-overflow product-cat op-8\">\n\t\t\tVGA - Card m\u00e0n h\u00ecnh\t\t<\/p>\n\t<p class=\"name product-title woocommerce-loop-product__title\"><a href=\"https:\/\/ductinstore.com\/?product=card-man-hinh-vga-galax-geforce-rtx-3050-8gb-1-click-oc-feature\" class=\"woocommerce-LoopProduct-link woocommerce-loop-product__link\">Card m\u00e0n h\u00ecnh VGA GALAX GeForce RTX 3050 8GB (1-Click OC Feature)<\/a><\/p><\/div><div class=\"price-wrapper\">\n<\/div>\t\t<\/div>\n\t<\/div>\n\t\t<\/div>\n<\/div><\/div><!-- row -->\n<\/div>\n","protected":false},"excerpt":{"rendered":"<p>B\u1ea3ng th\u00f4ng s\u1ed1 chi ti\u1ebft v\u1ec1 iPhone 14 Pro Max phi\u00ean b\u1ea3n 1TB &nbsp; &nbsp; iPhone 14 Pro Max 1TB K\u1ebft n\u1ed1i C\u00f4ng ngh\u1ec7 GSM \/ CDMA \/ HSPA \/ EVDO \/ LTE \/ 5G Ng\u00e0y ra m\u1eaft Ng\u00e0y th\u00f4ng b\u00e1o 08\/09\/2022 &nbsp; Hi\u1ec7n tr\u1ea1ng S\u1eafp ra m\u1eaft, d\u1ef1 ki\u1ebfn tr\u1ea3 h\u00e0ng 16\/09\/2022 Th\u00e2n m\u00e1y [&#8230;]\n","protected":false},"featured_media":115,"comment_status":"open","ping_status":"closed","template":"","meta":[],"product_brand":[],"product_cat":[42,36],"product_tag":[46],"class_list":{"0":"post-112","1":"product","2":"type-product","3":"status-publish","4":"has-post-thumbnail","6":"product_cat-apple","7":"product_cat-iphone","8":"product_tag-14promax","10":"first","11":"instock","12":"shipping-taxable","13":"product-type-simple"},"_links":{"self":[{"href":"https:\/\/ductinstore.com\/index.php?rest_route=\/wp\/v2\/product\/112","targetHints":{"allow":["GET"]}}],"collection":[{"href":"https:\/\/ductinstore.com\/index.php?rest_route=\/wp\/v2\/product"}],"about":[{"href":"https:\/\/ductinstore.com\/index.php?rest_route=\/wp\/v2\/types\/product"}],"replies":[{"embeddable":true,"href":"https:\/\/ductinstore.com\/index.php?rest_route=%2Fwp%2Fv2%2Fcomments&post=112"}],"wp:featuredmedia":[{"embeddable":true,"href":"https:\/\/ductinstore.com\/index.php?rest_route=\/wp\/v2\/media\/115"}],"wp:attachment":[{"href":"https:\/\/ductinstore.com\/index.php?rest_route=%2Fwp%2Fv2%2Fmedia&parent=112"}],"wp:term":[{"taxonomy":"product_brand","embeddable":true,"href":"https:\/\/ductinstore.com\/index.php?rest_route=%2Fwp%2Fv2%2Fproduct_brand&post=112"},{"taxonomy":"product_cat","embeddable":true,"href":"https:\/\/ductinstore.com\/index.php?rest_route=%2Fwp%2Fv2%2Fproduct_cat&post=112"},{"taxonomy":"product_tag","embeddable":true,"href":"https:\/\/ductinstore.com\/index.php?rest_route=%2Fwp%2Fv2%2Fproduct_tag&post=112"}],"curies":[{"name":"wp","href":"https:\/\/api.w.org\/{rel}","templated":true}]}}